the units digit of n?
8
Let x(m) = 2048*m + 4768. What is the hundreds digit of x(14)?
4
Suppose -14 - 42 = -2*q. What is the units digit of ((-2542)/287)/((-1)/q)?
8
Let k be 145/25 + -5 - 212/(-10). Suppose k*x - 19*x - 21 = 0. Suppose x*l + 113 = 610. What is the tens digit of l?
7
Suppose -d + 4 = 4*y - 4, -6 = -3*y - 3*d. Suppose 0 = 4*a + 16, -3*t + 1317 = 2*t + y*a. What is the hundreds digit of t?
2
Let u(i) be the second derivative of -i**4/12 + 4*i**3 - 31*i**2 - 2*i + 63. What is the units digit of u(19)?
3
Let q = 220 + -12. Let m = q + -84. What is the hundreds digit of m?
1
Let r(i) = i**3 + 21*i**2 + 35*i - 46. Let l be r(-19). Suppose 1578 + 3053 = l*b. What is the units digit of b?
1
Suppose -474 - 882 = -q. Let v = q - 803. What is the hundreds digit of v?
5
What is the tens digit of (-1 - 90*-5)/(3/6)?
9
Let j = -26056 + 26326. What is the hundreds digit of j?
2
Suppose o - 20103 = 4*i, 3*o + 3*i - 40239 = o. What is the thousands digit of o?
0
Suppose 118 - 1276 = -2*i. Let g = -250 + i. Suppose -4*q + 1305 - g = -4*f, -f = 5*q - 1208. What is the hundreds digit of q?
2
Let a be (6/10 - (-742)/(-70)) + 2. What is the units digit of 32/(a/(-18)*(-15)/(-130))?
4
Let d = 270 + -275. What is the units digit of (-2)/d - 4989/(-15)?
3
Let n(i) = 3*i + 50. Let j be n(-15). Suppose j*q + 7 = 27. What is the units digit of q?
4
Let p(a) = -a**2 + 11*a - 34. Let b be p(8). Let q be (-50)/(-125) - 986/b. Suppose -2*c + q - 13 = 0. What is the tens digit of c?
4
Let d(b) = b**3 + 20*b**2 + 16*b - 26. Let p be d(-18). Let c = p + -167. Suppose 4*a - c - 457 = 0. What is the tens digit of a?
5
Suppose -3*l = 3*v - 1067 - 2290, 2*v = 3*l - 3372. What is the tens digit of l?
2
Let d = 511 + -509. What is the units digit of 10/2*1449/15*d?
6
Suppose s = -4*k + 17, 6*k + 19 = 5*s + 4*k. Suppose -n = -4*o + 813, -s*n - 213 = -o - 24. What is the tens digit of o?
0
What is the units digit of 7 - (-44 - (-52)/(-13))?
5
Let r(v) = 23*v**2 + 31*v - 686. What is the units digit of r(-26)?
6
Let q(v) = -15*v - 20. Suppose 13 = -m - x - x, -m - 5*x - 28 = 0. Let u be q(m). What is the units digit of (204 - -1)*((-195)/u + 9)?
6
Let n(h) = -6*h - 11. Let x be n(-3). Suppose 0 = x*z - 4324 - 2081. What is the hundreds digit of z?
9
Suppose -l - 5*r + 78 = 2*l, 2*l = 4*r + 30. What is the tens digit of l/(-63)*(0 + -120)?
4
Let v(l) be the third derivative of 7*l**4/2 - l**3/2 - 42*l**2 - 2. What is the tens digit of v(11)?
2
Let t = 177 + -182. What is the hundreds digit of (-1782)/t + (-14)/35?
3
What is the tens digit of 32274/(-24)*(-1600)/75?
8
What is the tens digit of 5/(5/7718) - (-58 - -59)?
1
Let n = 5048 - 2881. Suppose 0 = -11*g + 1122 + n. What is the hundreds digit of g?
2
Let f = 11339 - 7772. Suppose 26*y - f = 18429. What is the units digit of y?
6
Suppose 0 = -5*g - 5*n + 24825, 14899 = 72*g - 69*g - n. What is the tens digit of g?
6
Let c be (-1)/(4/(-8) - 0). Let d be 760/14 - 24/84. What is the tens digit of c/3*d - 4?
3
Suppose j - 13 + 74 = 0. Suppose 30*b + 51*b + 2592 = 0. Let c = b - j. What is the tens digit of c?
2
Suppose 179*m = 37*m + 6427488. What is the ten thousands digit of m?
4
Suppose -4*s = -312 - 316. Suppose -654 = 8*i + 26. Let k = s + i. What is the units digit of k?
2
Suppose -4*t = -t - 1314. Let w be (-10)/(-25) - t/(-5). Suppose 22*s + w = 26*s. What is the units digit of s?
2
Let o(z) = -2*z**3 + 31*z**2 + 15*z + 17. Let b be o(16). Let v be (-2)/((b/3)/(2/(-4))). Suppose 4*h = 29 + v. What is the units digit of h?
8
Let v(d) = -3*d - 22. Let t be v(-8). Suppose 5*q = -4*k + 261, -k + 4*q - t*q + 75 = 0. Let r = k - -19. What is the tens digit of r?
8
Let s = 114 + -95. Let v = s + -19. Suppose v = 18*h - 20*h + 408. What is the units digit of h?
4
Let t(m) = -5*m - 20. Let l(r) = -r**2 - 6*r - 12. Let n be l(-5). Let v be t(n). Let w = v - 13. What is the units digit of w?
2
Suppose 25*t - 34*t + 63900 = 0. What is the thousands digit of t?
7
Let w(m) = -m**2 + 13*m - 37. Let z be w(6). What is the tens digit of (0 + -2 - 0)*(-114 + z)?
1
Let y = 5801 - -1694. What is the units digit of y?
5
Suppose 0 = -28*i - 20*i + 8352. Suppose -7*y + 213 = 5*v - 8*y, -4*v - y = -i. What is the units digit of v?
3
What is the ten thousands digit of (-150110)/(-4)*(4 - 54/15)*5?
7
Let a be -1*6/(-1 - 2). Suppose -2*y + a*f = -12, -5*y + f = 6*f - 70. Suppose 11*m - 70 = y*m. What is the units digit of m?
0
What is the tens digit of 98976/24 - 27/3?
1
Let j(d) = d**2 - 32*d - 234. Let y be j(0). What is the units digit of (((-357)/14)/(-17))/((-1)/y)?
1
Suppose -5*o - 427 = -2557. What is the tens digit of -2*(2/10 + o/(-5))?
7
Suppose 3*x = 0, 0 = i - 2*x - 5 - 3. Let f be 2/((-9)/((-180)/i)). Suppose -39 = -4*t + 2*t - v, v = -f*t + 90. What is the units digit of t?
7
Suppose -4*l - 5*w = -19 + 491, 3*w + 357 = -3*l. Suppose 3*v + v = 760. Let m = l + v. What is the units digit of m?
7
Let g = -15603 - -29583. What is the units digit of g?
0
Let m be (16/(-12))/(1/12). Let h(z) = -72*z - 339. What is the tens digit of h(m)?
1
Let r = -1874 + 2804. What is the tens digit of r?
3
Let k be ((-6)/(-9))/((-3)/(-3*6)). Suppose -3*c = k*y - 768 - 176, -3*c = -2*y - 914. What is the units digit of c?
8
Let o be 69/46*(-14)/(-3). Suppose -o*b + 727 + 232 = 0. What is the units digit of b?
7
Suppose -43*t + 324055 - 106002 = 0. What is the units digit of t?
1
Suppose 669 = 2*h + 4*a - 81, -4*h - 3*a + 1505 = 0. Suppose -5*l = -h - 953. What is the units digit of l?
6
Let f(m) = 3*m**3 - 19*m**2 + 7*m - 1. Let l = -165 - -173. What is the units digit of f(l)?
5
What is the hundreds digit of 996463/39 - (2 - (-5)/(-3))?
5
Suppose 12*b + 1699 - 2572 = 2619. What is the hundreds digit of b?
2
Let l = 144 + -75. Let p = l + -63. Suppose -p = -14*n + 12*n. What is the units digit of n?
3
Let v(z) = -z**3 - 148*z**2 - 75*z + 5790. What is the tens digit of v(-149)?
6
Let q(p) = -p + 16*p**2 - 4 + 3*p**3 + 4*p**3 - 15. Let i(n) = 13*n**3 + 31*n**2 - n - 37. Let o(s) = 6*i(s) - 11*q(s). What is the units digit of o(-8)?
5
Suppose 22*u - 27*u = -4*z - 15222, 0 = -5*z - 15. What is the hundreds digit of u?
0
Let c be (4 + -7)/(732/741 + -1). Suppose -c = -a - 3. What is the units digit of a?
4
Let d(p) = -p**2 + 108*p + 161. What is the tens digit of d(63)?
9
Suppose 5*a + 0*a - 20 = 0. Suppose -a*j = -2*v + 3*v - 10, 5*v - 2*j = 6. Suppose 0*h = -2*h - 3*b + 158, v*h + 2*b = 154. What is the units digit of h?
3
Let q(r) = r**2 - 2*r + 28. Let f = -64 - 6. Let m = f - -83. What is the units digit of q(m)?
1
Suppose 0 = -3*d + 8*d - 165. Let h(g) = 39*g - 446. Let x be h(11). Let r = x + d. What is the tens digit of r?
1
Let x be 58/(-8) - 1/(-4). Let l(a) be the third derivative of a**5/30 + 11*a**4/24 + 19*a**3/3 + 981*a**2. What is the tens digit of l(x)?
5
Let l(u) = 216*u - 142. Let o be l(4). Let w = o - 416. What is the units digit of w?
6
Let g = 215677 - 149492. What is the ten thousands digit of g?
6
Let c(x) = 551*x - 939. What is the tens digit of c(19)?
3
Let r be (48/(-15))/((-4)/10). Suppose 0 = -2*k + 42 - 20. Let l = k + r. What is the units digit of l?
9
Let n(p) = 239*p - 13. Let z = 1 - -2. What is the hundreds digit of n(z)?
7
Let h = 129892 + -76515. What is the hundreds digit of h?
3
Let u = -53 - -57. Suppose -u*i + 0*j + 174 = j, 0 = -5*i + 3*j + 226. Suppose -y + 27 = -i. What is the units digit of y?
1
Let b(o) = 9*o**2 - 19*o + 35. Let q(m) = -4*m**2 + 10*m - 17. Let k(f) = -3*b(f) - 7*q(f). What is the tens digit of k(24)?
7
Let q = -287 - -283. What is the hundreds digit of 190/1 + (q - (-4 + 0))?
1
Let q(o) = -521*o - 775. What is the tens digit of q(-11)?
5
Let g = 24421 + -12201. What is the tens digit of g?
2
Let t(q) = -89*q - 578. What is the thousands digit of t(-47)?
3
Let v(b) = 7*b - 233. Let l(u) = 10*u - 131. Let y be l(17). What is the tens digit of v(y)?
4
What is the thousands digit of ((-731)/(-34))/43 - 694*(-22)/8?
1
Let v = -113 - -80. Let x = -55 - -109. Let l = x + v. What is the units digit of l?
1
Let p = 11 + -2. Let o be -8*((-18)/(-4))/p. Let q = 24 - o. What is the units digit of q?
8
Suppose 5*a + x + 33 = 0, -10*x - 30 = 4*a - 8*x. What is the hundreds digit of 639 - (-12)/(-8